2 + 2*x + 1. Suppose 2*f + 1 = -1. Let i be z(f). Suppose -4*q + 120 + 140 = 4*v, 4 = 2*v. Calculate the highest common divisor of q and i.
9
Let n(y) = 2*y**2 + 3*y + 1. Let i be n(-5). Let s be 4/22 - (-1430)/121. What is the greatest common factor of s and i?
12
Let z = -430 - -614. Calculate the greatest common factor of z and 23.
23
Let a(i) = i**3 - 3*i**2 + i + 1. Let o be a(3). Let y = 4 - 0. Suppose 0 = -0*d - y*d + 144. Calculate the highest common factor of o and d.
4
Let h(b) = 5*b**2 - 3*b + 4. Let q be h(2). Calculate the greatest common divisor of q and 72.
18
Let r = -363 + 423. Let n(p) = -8*p - 4*p**2 + 0*p**2 + 3*p**2. Let f be n(-6). What is the greatest common divisor of r and f?
12
Let r be ((-300)/(-18))/((-1)/(-3)). Suppose 3*p + r + 13 = 2*j, -5 = -5*p. What is the greatest common divisor of 22 and j?
11
Suppose 0 = d + 6 - 42. What is the highest common factor of d and 18?
18
Suppose 0*t + 5*t - 50 = 0. Calculate the highest common factor of 90 and t.
10
Let h = 6 + -1. Let r be 23/h + 4/10. Suppose -3*d - 3*w + 0*w + 72 = 0, -r*w = -3*d + 40. What is the greatest common divisor of d and 50?
10
Let h(g) = 11*g + 11. Let v be h(9). Calculate the greatest common divisor of 30 and v.
10
Suppose 2*n - n + 14 = 0. Let k = 23 + n. What is the greatest common divisor of k and 72?
9
Let n(b) = -3*b - 5. Let p be n(-7). Calculate the highest common factor of p and 40.
8
Let y be ((-24)/(-3))/((-2)/(-18)). Suppose -42 = -4*r - 5*q, 3*r - 7*q - 20 = -5*q. Calculate the highest common divisor of r and y.
8
Suppose -21*k + 22*k - 28 = 0. Calculate the greatest common divisor of 42 and k.
14
Suppose 2*b - 10 = 3*b. Let j = b - -25. Calculate the greatest common factor of 75 and j.
15
Suppose 3*g = -g. Let z be -2 - -1*(-8 + 4). Let k = g - z. Calculate the highest common factor of 54 and k.
6
Let u = 89 - 72. Suppose 2*t + 43 = -11. Let v = 24 - t. What is the highest common divisor of u and v?
17
Let r(o) = 9*o - o**3 + 0*o**3 + 4*o + 0*o**3 + 8*o**2 - 4. Let q be r(9). Calculate the highest common factor of 8 and q.
8
Let h be (7 - -1)/(0 - -2). Suppose -h*w - 27 = -7*w. What is the highest common divisor of 45 and w?
9
Let l(x) = -16*x - 43. Let y be l(-13). Calculate the highest common factor of y and 33.
33
Let t(x) = x**2 + x + 18. Let w be t(0). Suppose 0 = -d - 0*z - 4*z + 20, 3*d - w = 2*z. What is the greatest common divisor of d and 12?
4
Suppose -8*g = -5*g - 6. Let d(m) = m**3 - 3*m**2 + 4. Let q be d(3). Calculate the highest common factor of q and g.
2
Suppose x + 31 = -20. Let v = x + 108. Calculate the greatest common factor of 38 and v.
19
Suppose -5*h - 19 + 243 = 3*m, 3*m + h = 208. What is the highest common divisor of m and 17?
17
Suppose 3*o = -2*l + 113, -116 = -3*o - 2*l - 3*l. What is the highest common divisor of o and 222?
37
Let s = 66 + -40. Calculate the greatest common divisor of s and 104.
26
Let z(t) = -t**3 + 10*t**2 - 7*t - 12. Let m be z(9). Let p(j) = 3*j**2 - 11*j + 12. Let u be p(m). Calculate the greatest common divisor of u and 135.
27
Suppose 77 = 2*k - 3*o, -2*k + 9*o + 75 = 4*o. What is the highest common divisor of 10 and k?
10
Suppose 5*h - 28 = -w, 2*h = -5*w - 2*h + 56. Let g = w - 4. What is the greatest common factor of g and 2?
2
Let t be ((-24)/(-20))/(12/280). Suppose k - t = -k. Calculate the greatest common factor of k and 140.
14
Let c be -4 + 4 + (-5)/(-1). Suppose 0 = p - 1 - c. What is the highest common divisor of p and 42?
6
Let x(a) = -18*a**3 - a**2 + 1. Let z be x(1). Let i = -6 - z. What is the greatest common factor of 36 and i?
12
Suppose -7*o = 3*o - 100. What is the greatest common factor of 25 and o?
5
Suppose -2*c + 270 = c. Calculate the greatest common factor of 36 and c.
18
Suppose 3*m + 11 = -4. Let a(b) = -b + 6. Let g be a(m). Calculate the highest common factor of 22 and g.
11
Let m = -27 - -49. Calculate the highest common divisor of m and 88.
22
Let p = 105 - 40. What is the highest common factor of 26 and p?
13
Suppose 0 = i - 0*i - 10. Let v = -12 - -17. Let z be (28/i)/(1/v). What is the highest common factor of 28 and z?
14
Let s be (8/12)/((3/(-63))/(-1)). Let g(l) = 3*l**3 + 4*l**2 - 4*l + 3. Let t be g(2). Calculate the greatest common factor of t and s.
7
Let k = -42 - -66. Let h(c) = -c**3 + 4*c**2 + 8*c - 9. Let f be h(5). Calculate the greatest common divisor of f and k.
6
Let v(m) = 7*m - 7. Let y be v(6). Calculate the greatest common divisor of y and 7.
7
Let f(x) = -245*x + 5. Let k be f(-1). What is the highest common divisor of k and 50?
50
Let c(w) = w**3 - 4*w**2 - 7*w + 7. Let h be c(5). Let p = -8 + 10. Let s be (3 - 3/h)/p. What is the highest common divisor of s and 10?
2
Let j = 10 + -5. Let m(k) = k**2 + 2*k - 3. Let a be m(2). Calculate the highest common factor of j and a.
5
Let a be -3*(-10)/(-3)*-1. Suppose -4*x = -d - 29, -2*x - 2*x + 4*d + 32 = 0. Let k(f) = -f + 17. Let r be k(x). What is the highest common divisor of r and a?
10
Let u be (-142)/(-6) + 11/33. What is the greatest common divisor of u and 8?
8
Suppose 0 = -2*m - 3*q + 15, 2*m + m + q = 5. Let p be (20 + m)*(-2 - -3). Calculate the greatest common factor of 5 and p.
5
Let g be (-1555)/(-15) - (-1)/3. What is the greatest common factor of 13 and g?
13
Suppose 2*m - 204 = -m. Suppose 5*g = 3*o - 85, m = 4*o - g - 17. Let n = 74 + 26. What is the highest common divisor of n and o?
20
Let u be -3 + 3 - (2 - 6). Let q = 21 + -11. Calculate the highest common divisor of q and u.
2
Let y = 82 - -6. Suppose -3*i = 6 + 6. Let d = 26 + i. What is the highest common factor of y and d?
22
Suppose -2*k = 2*c - 208, -2*k - 3*c - 15 = -223. Let y = -138 - -151. What is the greatest common factor of y and k?
13
Let j(h) = 7*h - 6. Let b be j(6). Suppose 5*q - 44 = b. What is the highest common divisor of 4 and q?
4
Suppose 2*d = 6*d - 20. Suppose j = d*j. Suppose j = -2*t - 5*r + 85, 3*t - 120 + 6 = -3*r. What is the highest common factor of t and 14?
7
Let n(g) = 15*g + 6. Let f be n(1). Calculate the highest common factor of 7 and f.
7
Let i(m) = 10*m + 38. Let h be i(0). Calculate the highest common divisor of h and 190.
38
Suppose -13*q = -10*q - 18. Calculate the greatest common divisor of 6 and q.
6
Suppose -n - 42 = -v, -2*v + 4*n + 84 = -0*v. Calculate the highest common divisor of v and 14.
14
Let d = 0 + 7. Suppose -2*y = 4*w - 38, 0 = -3*y + 2*w - d*w + 53. Calculate the greatest common factor of y and 99.
11
Suppose -x = -5*f + 428, -3*x = f - 7*x - 97. Suppose -4*t + 3*l - l = -68, 5*l = 0. Calculate the greatest common divisor of f and t.
17
Suppose 0 = -4*a + 20, 3*a - 573 = -3*r - 195. What is the highest common factor of 11 and r?
11
Let k be (-4)/(-6) + 12/9. Suppose 2 + 18 = k*x. Let d be -9*3/((-6)/x). What is the greatest common factor of d and 15?
15
Suppose 3 + 61 = 4*i. What is the highest common factor of 64 and i?
16
Let b be ((-720)/(-35))/((-1)/(-14)). Suppose -2*y = -0*y - b. Let j = -38 - -56. What is the greatest common factor of y and j?
18
Let i be -1 + 0/(-5) + 133. Calculate the highest common divisor of 12 and i.
12
Let o be 1 - (-15)/(-21) - (-57)/21. Let x(n) = n**2 - 6*n + 3. Let d be x(6). Let h be o/9 + 362/d. What is the highest common divisor of h and 11?
11
Let m(a) = 3*a**3 - 2*a**2 - 5*a + 4. Let j be m(4). Calculate the greatest common divisor of 24 and j.
24
Let n be -1*1 - (-89 + 7). Suppose 5*q - n = 19. Calculate the greatest common factor of 50 and q.
10
Suppose 0 = -4*d + 2*d - 8. Let a = 19 + d. What is the highest common divisor of a and 6?
3
Suppose -5*l + 100 = -2*y, -3*y = -5*y - 10. Calculate the greatest common factor of 45 and l.
9
Let u be (10/(-1))/(2 + -3). Suppose -h - 2*v - 1 = 0, u = 4*h + v - 0*v. Let m(x) = 2*x + 3. Let t be m(h). Calculate the greatest common divisor of 3 and t.
3
Let v(r) = 119*r**2 + 3*r + 3. Let h be v(-1). What is the highest common divisor of h and 17?
17
Let b be (-27)/(-2) - 6/12. Suppose -6*z = -5*x - z + 495, 2*x + 4*z - 228 = 0. Suppose x = -2*y + 4*y. What is the greatest common divisor of b and y?
13
Suppose -2*p = -20 + 2. Suppose -4*t = i - 1 - 45, 2*t - 38 = -i. Let g be (-18)/(-5)*i/p. Calculate the highest common factor of 48 and g.
12
Let y = -38 + 93. What is the 